{"id":895,"date":"2023-07-02T12:52:45","date_gmt":"2023-07-02T18:52:45","guid":{"rendered":"https:\/\/ajmr.com.mx\/?page_id=895"},"modified":"2025-09-09T13:43:37","modified_gmt":"2025-09-09T19:43:37","slug":"descargas","status":"publish","type":"page","link":"https:\/\/ajmr.com.mx\/?page_id=895","title":{"rendered":"Descargas"},"content":{"rendered":"\n<p class=\"has-medium-font-size\">En esta secci\u00f3n usted podr\u00e1 encontrar archivos y documentos de referencia que pudieran ser de su inter\u00e9s. Para descargar, simplemente escanee el c\u00f3digo QR desde su tel\u00e9fono m\u00f3vil o haga clic en la imagen.<\/p>\n\n\n\n<div class=\"wp-block-group is-nowrap is-layout-flex wp-container-core-group-is-layout-ad2f72ca wp-block-group-is-layout-flex\">\n<figure class=\"wp-block-image size-large is-resized\"><img loading=\"lazy\" decoding=\"async\" width=\"1024\" height=\"1024\" src=\"https:\/\/ajmr.com.mx\/wp-content\/uploads\/2024\/10\/LGPC-1024x1024.png\" alt=\"\" class=\"wp-image-2260\" style=\"width:146px\" srcset=\"https:\/\/ajmr.com.mx\/wp-content\/uploads\/2024\/10\/LGPC-1024x1024.png 1024w, https:\/\/ajmr.com.mx\/wp-content\/uploads\/2024\/10\/LGPC-300x300.png 300w, https:\/\/ajmr.com.mx\/wp-content\/uploads\/2024\/10\/LGPC-150x150.png 150w, https:\/\/ajmr.com.mx\/wp-content\/uploads\/2024\/10\/LGPC-768x768.png 768w, https:\/\/ajmr.com.mx\/wp-content\/uploads\/2024\/10\/LGPC-100x100.png 100w, https:\/\/ajmr.com.mx\/wp-content\/uploads\/2024\/10\/LGPC.png 1421w\" sizes=\"auto, (max-width: 706px) 89vw, (max-width: 767px) 82vw, 740px\" \/><figcaption class=\"wp-element-caption\"><strong><em><mark style=\"background-color:rgba(0, 0, 0, 0)\" class=\"has-inline-color has-vivid-green-cyan-color\">L.G.P.C.<\/mark><\/em><\/strong><\/figcaption><\/figure>\n\n\n\n<figure class=\"wp-block-image size-large is-resized\"><a href=\"https:\/\/ajmr.com.mx\/wp-content\/uploads\/2023\/07\/Reg_LGPC_091215.pdf\" target=\"_blank\" rel=\"noreferrer noopener\"><img loading=\"lazy\" decoding=\"async\" width=\"1024\" height=\"1024\" src=\"https:\/\/ajmr.com.mx\/wp-content\/uploads\/2024\/01\/RLGPC-1024x1024.png\" alt=\"\" class=\"wp-image-1254\" style=\"width:146px\" srcset=\"https:\/\/ajmr.com.mx\/wp-content\/uploads\/2024\/01\/RLGPC-1024x1024.png 1024w, https:\/\/ajmr.com.mx\/wp-content\/uploads\/2024\/01\/RLGPC-300x300.png 300w, https:\/\/ajmr.com.mx\/wp-content\/uploads\/2024\/01\/RLGPC-150x150.png 150w, https:\/\/ajmr.com.mx\/wp-content\/uploads\/2024\/01\/RLGPC-768x768.png 768w, https:\/\/ajmr.com.mx\/wp-content\/uploads\/2024\/01\/RLGPC-100x100.png 100w, https:\/\/ajmr.com.mx\/wp-content\/uploads\/2024\/01\/RLGPC.png 1325w\" sizes=\"auto, (max-width: 706px) 89vw, (max-width: 767px) 82vw, 740px\" \/><\/a><figcaption class=\"wp-element-caption\"><strong><em><mark style=\"background-color:rgba(0, 0, 0, 0)\" class=\"has-inline-color has-vivid-green-cyan-color\">Reg. L.G.P.C.<\/mark><\/em><\/strong><\/figcaption><\/figure>\n\n\n\n<figure class=\"wp-block-image size-large is-resized\"><a href=\"https:\/\/ajmr.com.mx\/wp-content\/uploads\/2023\/07\/Ley-Estatal-Coahuila-PC.pdf\" target=\"_blank\" rel=\"noreferrer noopener\"><img loading=\"lazy\" decoding=\"async\" width=\"1024\" height=\"1024\" src=\"https:\/\/ajmr.com.mx\/wp-content\/uploads\/2024\/01\/Ley-PC-Coahuila-1024x1024.png\" alt=\"\" class=\"wp-image-1255\" style=\"width:146px\" srcset=\"https:\/\/ajmr.com.mx\/wp-content\/uploads\/2024\/01\/Ley-PC-Coahuila-1024x1024.png 1024w, https:\/\/ajmr.com.mx\/wp-content\/uploads\/2024\/01\/Ley-PC-Coahuila-300x300.png 300w, https:\/\/ajmr.com.mx\/wp-content\/uploads\/2024\/01\/Ley-PC-Coahuila-150x150.png 150w, https:\/\/ajmr.com.mx\/wp-content\/uploads\/2024\/01\/Ley-PC-Coahuila-768x768.png 768w, https:\/\/ajmr.com.mx\/wp-content\/uploads\/2024\/01\/Ley-PC-Coahuila-100x100.png 100w, https:\/\/ajmr.com.mx\/wp-content\/uploads\/2024\/01\/Ley-PC-Coahuila.png 1325w\" sizes=\"auto, (max-width: 706px) 89vw, (max-width: 767px) 82vw, 740px\" \/><\/a><figcaption class=\"wp-element-caption\"><strong><em><mark style=\"background-color:rgba(0, 0, 0, 0)\" class=\"has-inline-color has-vivid-green-cyan-color\">Ley P.C. Coah.<\/mark><\/em><\/strong><\/figcaption><\/figure>\n<\/div>\n\n\n\n<div class=\"wp-block-group is-nowrap is-layout-flex wp-container-core-group-is-layout-ad2f72ca wp-block-group-is-layout-flex\">\n<figure class=\"wp-block-image size-large is-resized\"><a href=\"https:\/\/ajmr.com.mx\/wp-content\/uploads\/2023\/07\/NOM-002-STPS-2010.pdf\" target=\"_blank\" rel=\"noreferrer noopener\"><img loading=\"lazy\" decoding=\"async\" width=\"1024\" height=\"1024\" src=\"https:\/\/ajmr.com.mx\/wp-content\/uploads\/2024\/01\/NOM-002-1024x1024.png\" alt=\"\" class=\"wp-image-1269\" style=\"width:146px\" srcset=\"https:\/\/ajmr.com.mx\/wp-content\/uploads\/2024\/01\/NOM-002-1024x1024.png 1024w, https:\/\/ajmr.com.mx\/wp-content\/uploads\/2024\/01\/NOM-002-300x300.png 300w, https:\/\/ajmr.com.mx\/wp-content\/uploads\/2024\/01\/NOM-002-150x150.png 150w, https:\/\/ajmr.com.mx\/wp-content\/uploads\/2024\/01\/NOM-002-768x768.png 768w, https:\/\/ajmr.com.mx\/wp-content\/uploads\/2024\/01\/NOM-002-100x100.png 100w, https:\/\/ajmr.com.mx\/wp-content\/uploads\/2024\/01\/NOM-002.png 1325w\" sizes=\"auto, (max-width: 706px) 89vw, (max-width: 767px) 82vw, 740px\" \/><\/a><figcaption class=\"wp-element-caption\"><strong><em><mark style=\"background-color:rgba(0, 0, 0, 0)\" class=\"has-inline-color has-vivid-green-cyan-color\">NOM-002-STPS-2010<\/mark><\/em><\/strong><\/figcaption><\/figure>\n\n\n\n<figure class=\"wp-block-image size-large is-resized\"><a href=\"https:\/\/ajmr.com.mx\/wp-content\/uploads\/2023\/06\/NOM-009-SEGOB-2015.pdf\" target=\"_blank\" rel=\"noreferrer noopener\"><img loading=\"lazy\" decoding=\"async\" width=\"1024\" height=\"1024\" src=\"https:\/\/ajmr.com.mx\/wp-content\/uploads\/2024\/01\/NOM-009-1024x1024.png\" alt=\"\" class=\"wp-image-1271\" style=\"width:146px\" srcset=\"https:\/\/ajmr.com.mx\/wp-content\/uploads\/2024\/01\/NOM-009-1024x1024.png 1024w, https:\/\/ajmr.com.mx\/wp-content\/uploads\/2024\/01\/NOM-009-300x300.png 300w, https:\/\/ajmr.com.mx\/wp-content\/uploads\/2024\/01\/NOM-009-150x150.png 150w, https:\/\/ajmr.com.mx\/wp-content\/uploads\/2024\/01\/NOM-009-768x768.png 768w, https:\/\/ajmr.com.mx\/wp-content\/uploads\/2024\/01\/NOM-009-100x100.png 100w, https:\/\/ajmr.com.mx\/wp-content\/uploads\/2024\/01\/NOM-009.png 1325w\" sizes=\"auto, (max-width: 706px) 89vw, (max-width: 767px) 82vw, 740px\" \/><\/a><figcaption class=\"wp-element-caption\"><strong><em><mark style=\"background-color:rgba(0, 0, 0, 0)\" class=\"has-inline-color has-vivid-green-cyan-color\">NOM-009-SEGB-2015<\/mark><\/em><\/strong><\/figcaption><\/figure>\n\n\n\n<figure class=\"wp-block-image size-large is-resized\"><a href=\"https:\/\/ajmr.com.mx\/wp-content\/uploads\/2023\/07\/NOM-018-STPS-2015.pdf\" target=\"_blank\" rel=\"noreferrer noopener\"><img loading=\"lazy\" decoding=\"async\" width=\"1024\" height=\"1024\" src=\"https:\/\/ajmr.com.mx\/wp-content\/uploads\/2024\/01\/NOM-018-1024x1024.png\" alt=\"\" class=\"wp-image-1272\" style=\"width:146px\" srcset=\"https:\/\/ajmr.com.mx\/wp-content\/uploads\/2024\/01\/NOM-018-1024x1024.png 1024w, https:\/\/ajmr.com.mx\/wp-content\/uploads\/2024\/01\/NOM-018-300x300.png 300w, https:\/\/ajmr.com.mx\/wp-content\/uploads\/2024\/01\/NOM-018-150x150.png 150w, https:\/\/ajmr.com.mx\/wp-content\/uploads\/2024\/01\/NOM-018-768x768.png 768w, https:\/\/ajmr.com.mx\/wp-content\/uploads\/2024\/01\/NOM-018-100x100.png 100w, https:\/\/ajmr.com.mx\/wp-content\/uploads\/2024\/01\/NOM-018.png 1325w\" sizes=\"auto, (max-width: 706px) 89vw, (max-width: 767px) 82vw, 740px\" \/><\/a><figcaption class=\"wp-element-caption\"><strong><em><mark style=\"background-color:rgba(0, 0, 0, 0)\" class=\"has-inline-color has-vivid-green-cyan-color\">NOM-018-STPS-2015<\/mark><\/em><\/strong><\/figcaption><\/figure>\n<\/div>\n\n\n\n<div class=\"wp-block-group is-nowrap is-layout-flex wp-container-core-group-is-layout-ad2f72ca wp-block-group-is-layout-flex\">\n<figure class=\"wp-block-image size-large is-resized\"><a href=\"https:\/\/ajmr.com.mx\/wp-content\/uploads\/2023\/07\/Nom-026-STPS-2008.pdf\" target=\"_blank\" rel=\"noreferrer noopener\"><img loading=\"lazy\" decoding=\"async\" width=\"1024\" height=\"1024\" src=\"https:\/\/ajmr.com.mx\/wp-content\/uploads\/2024\/01\/NOM-026-1024x1024.png\" alt=\"\" class=\"wp-image-1279\" style=\"width:146px\" srcset=\"https:\/\/ajmr.com.mx\/wp-content\/uploads\/2024\/01\/NOM-026-1024x1024.png 1024w, https:\/\/ajmr.com.mx\/wp-content\/uploads\/2024\/01\/NOM-026-300x300.png 300w, https:\/\/ajmr.com.mx\/wp-content\/uploads\/2024\/01\/NOM-026-150x150.png 150w, https:\/\/ajmr.com.mx\/wp-content\/uploads\/2024\/01\/NOM-026-768x768.png 768w, https:\/\/ajmr.com.mx\/wp-content\/uploads\/2024\/01\/NOM-026-100x100.png 100w, https:\/\/ajmr.com.mx\/wp-content\/uploads\/2024\/01\/NOM-026.png 1325w\" sizes=\"auto, (max-width: 706px) 89vw, (max-width: 767px) 82vw, 740px\" \/><\/a><figcaption class=\"wp-element-caption\"><strong><em><mark style=\"background-color:rgba(0, 0, 0, 0)\" class=\"has-inline-color has-vivid-green-cyan-color\">NOM-026-STPS-2008<\/mark><\/em><\/strong><\/figcaption><\/figure>\n\n\n\n<figure class=\"wp-block-image size-large is-resized\"><a href=\"https:\/\/ajmr.com.mx\/wp-content\/uploads\/2023\/07\/NOM-035-STPS-2018.pdf\" target=\"_blank\" rel=\"noreferrer noopener\"><img loading=\"lazy\" decoding=\"async\" width=\"1024\" height=\"1024\" src=\"https:\/\/ajmr.com.mx\/wp-content\/uploads\/2024\/01\/NOM-035-1024x1024.png\" alt=\"\" class=\"wp-image-1280\" style=\"width:146px\" srcset=\"https:\/\/ajmr.com.mx\/wp-content\/uploads\/2024\/01\/NOM-035-1024x1024.png 1024w, https:\/\/ajmr.com.mx\/wp-content\/uploads\/2024\/01\/NOM-035-300x300.png 300w, https:\/\/ajmr.com.mx\/wp-content\/uploads\/2024\/01\/NOM-035-150x150.png 150w, https:\/\/ajmr.com.mx\/wp-content\/uploads\/2024\/01\/NOM-035-768x768.png 768w, https:\/\/ajmr.com.mx\/wp-content\/uploads\/2024\/01\/NOM-035-100x100.png 100w, https:\/\/ajmr.com.mx\/wp-content\/uploads\/2024\/01\/NOM-035.png 1325w\" sizes=\"auto, (max-width: 706px) 89vw, (max-width: 767px) 82vw, 740px\" \/><\/a><figcaption class=\"wp-element-caption\"><strong><em><mark style=\"background-color:rgba(0, 0, 0, 0)\" class=\"has-inline-color has-vivid-green-cyan-color\">NOM-035-STPS-2018<\/mark><\/em><\/strong><\/figcaption><\/figure>\n\n\n\n<figure class=\"wp-block-image size-large is-resized\"><a href=\"https:\/\/ajmr.com.mx\/wp-content\/uploads\/2024\/04\/2024-PPC-Primera-Vez-Coahuila.pdf\" target=\"_blank\" rel=\"noreferrer noopener\"><img loading=\"lazy\" decoding=\"async\" width=\"1024\" height=\"1024\" src=\"https:\/\/ajmr.com.mx\/wp-content\/uploads\/2024\/01\/Formato-Reg-Coah-1024x1024.png\" alt=\"\" class=\"wp-image-1282\" style=\"width:146px\" srcset=\"https:\/\/ajmr.com.mx\/wp-content\/uploads\/2024\/01\/Formato-Reg-Coah-1024x1024.png 1024w, https:\/\/ajmr.com.mx\/wp-content\/uploads\/2024\/01\/Formato-Reg-Coah-300x300.png 300w, https:\/\/ajmr.com.mx\/wp-content\/uploads\/2024\/01\/Formato-Reg-Coah-150x150.png 150w, https:\/\/ajmr.com.mx\/wp-content\/uploads\/2024\/01\/Formato-Reg-Coah-768x768.png 768w, https:\/\/ajmr.com.mx\/wp-content\/uploads\/2024\/01\/Formato-Reg-Coah-100x100.png 100w, https:\/\/ajmr.com.mx\/wp-content\/uploads\/2024\/01\/Formato-Reg-Coah.png 1325w\" sizes=\"auto, (max-width: 706px) 89vw, (max-width: 767px) 82vw, 740px\" \/><\/a><figcaption class=\"wp-element-caption\"><strong><em><mark style=\"background-color:rgba(0, 0, 0, 0)\" class=\"has-inline-color has-vivid-green-cyan-color\">FORMATO REG. COAH.<\/mark><\/em><\/strong><\/figcaption><\/figure>\n<\/div>\n\n\n\n<div class=\"wp-block-group is-nowrap is-layout-flex wp-container-core-group-is-layout-ad2f72ca wp-block-group-is-layout-flex\">\n<figure class=\"wp-block-image size-large is-resized\"><a href=\"https:\/\/ajmr.com.mx\/wp-content\/uploads\/2023\/07\/Terminos-de-Referencia-Proteccion-Civil.pdf\" target=\"_blank\" rel=\"noreferrer noopener\"><img loading=\"lazy\" decoding=\"async\" width=\"1024\" height=\"1024\" src=\"https:\/\/ajmr.com.mx\/wp-content\/uploads\/2024\/01\/Terminologia-1024x1024.png\" alt=\"\" class=\"wp-image-1248\" style=\"width:146px;height:auto\" srcset=\"https:\/\/ajmr.com.mx\/wp-content\/uploads\/2024\/01\/Terminologia-1024x1024.png 1024w, https:\/\/ajmr.com.mx\/wp-content\/uploads\/2024\/01\/Terminologia-300x300.png 300w, https:\/\/ajmr.com.mx\/wp-content\/uploads\/2024\/01\/Terminologia-150x150.png 150w, https:\/\/ajmr.com.mx\/wp-content\/uploads\/2024\/01\/Terminologia-768x768.png 768w, https:\/\/ajmr.com.mx\/wp-content\/uploads\/2024\/01\/Terminologia-100x100.png 100w, https:\/\/ajmr.com.mx\/wp-content\/uploads\/2024\/01\/Terminologia.png 1368w\" sizes=\"auto, (max-width: 706px) 89vw, (max-width: 767px) 82vw, 740px\" \/><\/a><figcaption class=\"wp-element-caption\"><strong><em><mark style=\"background-color:rgba(0, 0, 0, 0)\" class=\"has-inline-color has-vivid-green-cyan-color\">Terminolog\u00eda<\/mark><\/em><\/strong><\/figcaption><\/figure>\n\n\n\n<figure class=\"wp-block-image size-large is-resized\"><a href=\"https:\/\/ajmr.com.mx\/wp-content\/uploads\/2023\/07\/DC-3-Editable-Generico.docx\" target=\"_blank\" rel=\"noreferrer noopener\"><img loading=\"lazy\" decoding=\"async\" width=\"1024\" height=\"1024\" src=\"https:\/\/ajmr.com.mx\/wp-content\/uploads\/2024\/01\/FormatoDC3-1024x1024.png\" alt=\"\" class=\"wp-image-1242\" style=\"width:146px\" srcset=\"https:\/\/ajmr.com.mx\/wp-content\/uploads\/2024\/01\/FormatoDC3-1024x1024.png 1024w, https:\/\/ajmr.com.mx\/wp-content\/uploads\/2024\/01\/FormatoDC3-300x300.png 300w, https:\/\/ajmr.com.mx\/wp-content\/uploads\/2024\/01\/FormatoDC3-150x150.png 150w, https:\/\/ajmr.com.mx\/wp-content\/uploads\/2024\/01\/FormatoDC3-768x768.png 768w, https:\/\/ajmr.com.mx\/wp-content\/uploads\/2024\/01\/FormatoDC3-100x100.png 100w, https:\/\/ajmr.com.mx\/wp-content\/uploads\/2024\/01\/FormatoDC3.png 1325w\" sizes=\"auto, (max-width: 706px) 89vw, (max-width: 767px) 82vw, 740px\" \/><\/a><figcaption class=\"wp-element-caption\"><strong><em><mark style=\"background-color:rgba(0, 0, 0, 0)\" class=\"has-inline-color has-vivid-green-cyan-color\">Formato DC-3<\/mark><\/em><\/strong><\/figcaption><\/figure>\n\n\n\n<figure class=\"wp-block-image size-large is-resized\"><a href=\"https:\/\/ajmr.com.mx\/wp-content\/uploads\/2023\/05\/SIRCE-Guia-Rapida.pdf\" target=\"_blank\" rel=\"noreferrer noopener\"><img loading=\"lazy\" decoding=\"async\" width=\"1024\" height=\"1024\" src=\"https:\/\/ajmr.com.mx\/wp-content\/uploads\/2024\/01\/SIRCE-1024x1024.png\" alt=\"\" class=\"wp-image-1250\" style=\"width:146px\" srcset=\"https:\/\/ajmr.com.mx\/wp-content\/uploads\/2024\/01\/SIRCE-1024x1024.png 1024w, https:\/\/ajmr.com.mx\/wp-content\/uploads\/2024\/01\/SIRCE-300x300.png 300w, https:\/\/ajmr.com.mx\/wp-content\/uploads\/2024\/01\/SIRCE-150x150.png 150w, https:\/\/ajmr.com.mx\/wp-content\/uploads\/2024\/01\/SIRCE-768x768.png 768w, https:\/\/ajmr.com.mx\/wp-content\/uploads\/2024\/01\/SIRCE-100x100.png 100w, https:\/\/ajmr.com.mx\/wp-content\/uploads\/2024\/01\/SIRCE.png 1325w\" sizes=\"auto, (max-width: 706px) 89vw, (max-width: 767px) 82vw, 740px\" \/><\/a><figcaption class=\"wp-element-caption\"><mark style=\"background-color:rgba(0, 0, 0, 0)\" class=\"has-inline-color has-vivid-green-cyan-color\"><em><strong>SIRCE<\/strong><\/em><\/mark><\/figcaption><\/figure>\n<\/div>\n\n\n\n<div class=\"wp-block-group is-nowrap is-layout-flex wp-container-core-group-is-layout-ad2f72ca wp-block-group-is-layout-flex\"><div class=\"wp-block-image\">\n<figure class=\"aligncenter size-large is-resized\"><a href=\"https:\/\/sidof.segob.gob.mx\/notas\/5755192\" target=\"_blank\" rel=\"noreferrer noopener\"><img loading=\"lazy\" decoding=\"async\" width=\"1024\" height=\"1024\" src=\"https:\/\/ajmr.com.mx\/wp-content\/uploads\/2024\/02\/Color-PQS-1024x1024.png\" alt=\"\" class=\"wp-image-1381\" style=\"width:146px\" srcset=\"https:\/\/ajmr.com.mx\/wp-content\/uploads\/2024\/02\/Color-PQS-1024x1024.png 1024w, https:\/\/ajmr.com.mx\/wp-content\/uploads\/2024\/02\/Color-PQS-300x300.png 300w, https:\/\/ajmr.com.mx\/wp-content\/uploads\/2024\/02\/Color-PQS-150x150.png 150w, https:\/\/ajmr.com.mx\/wp-content\/uploads\/2024\/02\/Color-PQS-768x768.png 768w, https:\/\/ajmr.com.mx\/wp-content\/uploads\/2024\/02\/Color-PQS-100x100.png 100w, https:\/\/ajmr.com.mx\/wp-content\/uploads\/2024\/02\/Color-PQS.png 1394w\" sizes=\"auto, (max-width: 706px) 89vw, (max-width: 767px) 82vw, 740px\" \/><\/a><figcaption class=\"wp-element-caption\"><strong><em><mark style=\"background-color:rgba(0, 0, 0, 0)\" class=\"has-inline-color has-vivid-green-cyan-color\">Color P.Q.S. Vigente<\/mark><\/em><\/strong><\/figcaption><\/figure>\n<\/div>\n\n\n<figure class=\"wp-block-image size-large is-resized\"><a href=\"https:\/\/www.diputados.gob.mx\/LeyesBiblio\/gobiernos.htm\"><img loading=\"lazy\" decoding=\"async\" width=\"1024\" height=\"1024\" src=\"https:\/\/ajmr.com.mx\/wp-content\/uploads\/2024\/10\/Leyes-de-los-Estados-1024x1024.png\" alt=\"Leyes de los Estados\" class=\"wp-image-2262\" style=\"width:146px\" srcset=\"https:\/\/ajmr.com.mx\/wp-content\/uploads\/2024\/10\/Leyes-de-los-Estados-1024x1024.png 1024w, https:\/\/ajmr.com.mx\/wp-content\/uploads\/2024\/10\/Leyes-de-los-Estados-300x300.png 300w, https:\/\/ajmr.com.mx\/wp-content\/uploads\/2024\/10\/Leyes-de-los-Estados-150x150.png 150w, https:\/\/ajmr.com.mx\/wp-content\/uploads\/2024\/10\/Leyes-de-los-Estados-768x768.png 768w, https:\/\/ajmr.com.mx\/wp-content\/uploads\/2024\/10\/Leyes-de-los-Estados-100x100.png 100w, https:\/\/ajmr.com.mx\/wp-content\/uploads\/2024\/10\/Leyes-de-los-Estados.png 1440w\" sizes=\"auto, (max-width: 706px) 89vw, (max-width: 767px) 82vw, 740px\" \/><\/a><figcaption class=\"wp-element-caption\"><em><mark style=\"background-color:rgba(0, 0, 0, 0)\" class=\"has-inline-color has-vivid-green-cyan-color\"><strong>Leyes de los Estados<\/strong><\/mark><\/em><\/figcaption><\/figure>\n<\/div>\n\n\n\n<div class=\"wp-block-group is-nowrap is-layout-flex wp-container-core-group-is-layout-ad2f72ca wp-block-group-is-layout-flex\">\n<figure class=\"wp-block-image size-full is-resized\"><a href=\"https:\/\/ajmr.com.mx\/wp-content\/uploads\/2025\/02\/DC3-Descargable-WORD.docx\" target=\"_blank\" rel=\"noreferrer noopener\"><img loading=\"lazy\" decoding=\"async\" width=\"487\" height=\"612\" src=\"https:\/\/ajmr.com.mx\/wp-content\/uploads\/2025\/02\/Descarga-WOR-3.jpg\" alt=\"\" class=\"wp-image-3029\" style=\"width:146px;height:auto\" srcset=\"https:\/\/ajmr.com.mx\/wp-content\/uploads\/2025\/02\/Descarga-WOR-3.jpg 487w, https:\/\/ajmr.com.mx\/wp-content\/uploads\/2025\/02\/Descarga-WOR-3-239x300.jpg 239w\" sizes=\"auto, (max-width: 487px) 100vw, 487px\" \/><\/a><figcaption class=\"wp-element-caption\"><strong><em><mark style=\"background-color:rgba(0, 0, 0, 0)\" class=\"has-inline-color has-vivid-green-cyan-color\">DC3 Formato WORD<\/mark><\/em><\/strong><\/figcaption><\/figure>\n\n\n\n<figure class=\"wp-block-image size-full is-resized\"><a href=\"https:\/\/ajmr.com.mx\/wp-content\/uploads\/2025\/02\/DC3-Descargable-EXCEL.xlsx\" target=\"_blank\" rel=\"noreferrer noopener\"><img loading=\"lazy\" decoding=\"async\" width=\"486\" height=\"613\" src=\"https:\/\/ajmr.com.mx\/wp-content\/uploads\/2025\/02\/Descarga-EXC-2.jpg\" alt=\"\" class=\"wp-image-3030\" style=\"width:146px\" srcset=\"https:\/\/ajmr.com.mx\/wp-content\/uploads\/2025\/02\/Descarga-EXC-2.jpg 486w, https:\/\/ajmr.com.mx\/wp-content\/uploads\/2025\/02\/Descarga-EXC-2-238x300.jpg 238w\" sizes=\"auto, (max-width: 486px) 100vw, 486px\" \/><\/a><figcaption class=\"wp-element-caption\"><strong><em><mark style=\"background-color:rgba(0, 0, 0, 0)\" class=\"has-inline-color has-vivid-green-cyan-color\">DC3 Formato EXCEL<\/mark><\/em><\/strong><\/figcaption><\/figure>\n\n\n\n<figure class=\"wp-block-image size-full is-resized\"><a href=\"https:\/\/ajmr.com.mx\/wp-content\/uploads\/2025\/02\/DC3-Descargable-PDF.pdf\" target=\"_blank\" rel=\"noreferrer noopener\"><img loading=\"lazy\" decoding=\"async\" width=\"489\" height=\"615\" src=\"https:\/\/ajmr.com.mx\/wp-content\/uploads\/2025\/02\/Descarga-PDF-3.jpg\" alt=\"\" class=\"wp-image-3031\" style=\"width:146px\" srcset=\"https:\/\/ajmr.com.mx\/wp-content\/uploads\/2025\/02\/Descarga-PDF-3.jpg 489w, https:\/\/ajmr.com.mx\/wp-content\/uploads\/2025\/02\/Descarga-PDF-3-239x300.jpg 239w\" sizes=\"auto, (max-width: 489px) 100vw, 489px\" \/><\/a><figcaption class=\"wp-element-caption\"><mark style=\"background-color:rgba(0, 0, 0, 0)\" class=\"has-inline-color has-vivid-green-cyan-color\"><em><strong>DC3 Formato PDF<\/strong><\/em><\/mark><\/figcaption><\/figure>\n<\/div>\n\n\n\n<p class=\"has-medium-font-size\">\u00bfListo para fortalecer la protecci\u00f3n civil de su empresa? <a href=\"https:\/\/ajmr.com.mx\/?page_id=90\" data-type=\"page\" data-id=\"90\">Cont\u00e1ctenos<\/a> hoy mismo para m\u00e1s informaci\u00f3n sobre nuestros servicios de asesor\u00eda y gestor\u00eda, y c\u00f3mo podemos ayudarle.<\/p>\n\n\n\n<div class=\"wp-block-group\"><div class=\"wp-block-group__inner-container is-layout-constrained wp-block-group-is-layout-constrained\">\n<div class=\"wp-block-group\"><div class=\"wp-block-group__inner-container is-layout-constrained wp-block-group-is-layout-constrained\">\n<figure class=\"wp-block-image size-large\"><img loading=\"lazy\" decoding=\"async\" width=\"1024\" height=\"300\" src=\"https:\/\/ajmr.com.mx\/wp-content\/uploads\/2023\/01\/AJMR-letras-blanco-1024x300.png\" alt=\"\" class=\"wp-image-225\" srcset=\"https:\/\/ajmr.com.mx\/wp-content\/uploads\/2023\/01\/AJMR-letras-blanco-1024x300.png 1024w, https:\/\/ajmr.com.mx\/wp-content\/uploads\/2023\/01\/AJMR-letras-blanco-300x88.png 300w, https:\/\/ajmr.com.mx\/wp-content\/uploads\/2023\/01\/AJMR-letras-blanco-768x225.png 768w, https:\/\/ajmr.com.mx\/wp-content\/uploads\/2023\/01\/AJMR-letras-blanco.png 1078w\" sizes=\"auto, (max-width: 706px) 89vw, (max-width: 767px) 82vw, 740px\" \/><\/figure>\n<\/div><\/div>\n\n\n\n<figure class=\"wp-block-image size-large\"><img loading=\"lazy\" decoding=\"async\" width=\"1024\" height=\"169\" src=\"https:\/\/ajmr.com.mx\/wp-content\/uploads\/2023\/01\/AJMR-letras-blanco4-1024x169.png\" alt=\"\" class=\"wp-image-238\" srcset=\"https:\/\/ajmr.com.mx\/wp-content\/uploads\/2023\/01\/AJMR-letras-blanco4-1024x169.png 1024w, https:\/\/ajmr.com.mx\/wp-content\/uploads\/2023\/01\/AJMR-letras-blanco4-300x50.png 300w, https:\/\/ajmr.com.mx\/wp-content\/uploads\/2023\/01\/AJMR-letras-blanco4-768x127.png 768w, https:\/\/ajmr.com.mx\/wp-content\/uploads\/2023\/01\/AJMR-letras-blanco4.png 1120w\" sizes=\"auto, (max-width: 706px) 89vw, (max-width: 767px) 82vw, 740px\" \/><\/figure>\n<\/div><\/div>\n\n\n\n<p><\/p>\n","protected":false},"excerpt":{"rendered":"<p>En esta secci\u00f3n usted podr\u00e1 encontrar archivos y documentos de referencia que pudieran ser de su inter\u00e9s. Para descargar, simplemente escanee el c\u00f3digo QR desde su tel\u00e9fono m\u00f3vil o haga clic en la imagen. \u00bfListo para fortalecer la protecci\u00f3n civil de su empresa? Cont\u00e1ctenos hoy mismo para m\u00e1s informaci\u00f3n sobre nuestros servicios de asesor\u00eda y &hellip; <\/p>\n<p class=\"link-more\"><a href=\"https:\/\/ajmr.com.mx\/?page_id=895\" class=\"more-link\">Continuar leyendo<span class=\"screen-reader-text\"> &#8220;Descargas&#8221;<\/span><\/a><\/p>\n","protected":false},"author":1,"featured_media":0,"parent":0,"menu_order":0,"comment_status":"closed","ping_status":"closed","template":"","meta":{"_uag_custom_page_level_css":"","footnotes":""},"class_list":["post-895","page","type-page","status-publish","hentry"],"uagb_featured_image_src":{"full":false,"thumbnail":false,"medium":false,"medium_large":false,"large":false,"1536x1536":false,"2048x2048":false,"twentyseventeen-featured-image":false,"twentyseventeen-thumbnail-avatar":false},"uagb_author_info":{"display_name":"ajmrco5_wp","author_link":"https:\/\/ajmr.com.mx\/?author=1"},"uagb_comment_info":0,"uagb_excerpt":"En esta secci\u00f3n usted podr\u00e1 encontrar archivos y documentos de referencia que pudieran ser de su inter\u00e9s. Para descargar, simplemente escanee el c\u00f3digo QR desde su tel\u00e9fono m\u00f3vil o haga clic en la imagen. \u00bfListo para fortalecer la protecci\u00f3n civil de su empresa? Cont\u00e1ctenos hoy mismo para m\u00e1s informaci\u00f3n sobre nuestros servicios de asesor\u00eda y&hellip;","_links":{"self":[{"href":"https:\/\/ajmr.com.mx\/index.php?rest_route=\/wp\/v2\/pages\/895","targetHints":{"allow":["GET"]}}],"collection":[{"href":"https:\/\/ajmr.com.mx\/index.php?rest_route=\/wp\/v2\/pages"}],"about":[{"href":"https:\/\/ajmr.com.mx\/index.php?rest_route=\/wp\/v2\/types\/page"}],"author":[{"embeddable":true,"href":"https:\/\/ajmr.com.mx\/index.php?rest_route=\/wp\/v2\/users\/1"}],"replies":[{"embeddable":true,"href":"https:\/\/ajmr.com.mx\/index.php?rest_route=%2Fwp%2Fv2%2Fcomments&post=895"}],"version-history":[{"count":83,"href":"https:\/\/ajmr.com.mx\/index.php?rest_route=\/wp\/v2\/pages\/895\/revisions"}],"predecessor-version":[{"id":4136,"href":"https:\/\/ajmr.com.mx\/index.php?rest_route=\/wp\/v2\/pages\/895\/revisions\/4136"}],"wp:attachment":[{"href":"https:\/\/ajmr.com.mx\/index.php?rest_route=%2Fwp%2Fv2%2Fmedia&parent=895"}],"curies":[{"name":"wp","href":"https:\/\/api.w.org\/{rel}","templated":true}]}}